ist the prime factors of 3/((-966)/(-2252362)) - 1*4/(-46).
5, 1399
Let l = 207 + -202. Suppose 2*t + 2517 = l*j, 754 = -4*j + 5*t + 2754. What are the prime factors of j?
5, 101
Let s be (-31)/(-11) + ((-24)/33)/(-4). Let n be (s - 50/(-7)) + 2/(-14). Suppose -4*k - 150 = -5*o, -4*k + n = -10. List the prime factors of o.
2, 17
Let s = -9068 + 21221. What are the prime factors of s?
3, 4051
Let w(b) = -4*b - 5 - 753*b**3 - 25*b**3 + 62*b**3. What are the prime factors of w(-1)?
5, 11, 13
Suppose -186 = 3*u + 129. Let w be 3/(-4) + -3 + u/(-12). What are the prime factors of w*-1*(-448)/20?
2, 7
Suppose -9*s - 41 = 4. Let f be (-78)/30 - (-2)/s. List the prime factors of (-8)/(-4) - ((f - -1) + -21).
5
Suppose x - 22*o + 17*o = 19108, -x + 19106 = -4*o. List the prime factors of x.
2, 3, 1061
Let w(i) = 120*i + 10. Let k = 116 + -106. Let o be w(k). Suppose -2*q = -q + t - 243, -5*q - 4*t = -o. List the prime factors of q.
2, 7, 17
Let s(l) be the first derivative of -5*l**2/2 - 41*l - 2. Suppose 8*m = -830 + 718. What are the prime factors of s(m)?
29
Suppose -164 = 2*p - 160, 5*p = 5*l - 137880. List the prime factors of l.
2, 17, 811
Suppose -3*y + 7 = y + h, -2*h - 19 = -3*y. Let k = -115 - -117. What are the prime factors of (-360)/(-4)*k/y?
2, 3, 5
Let t(c) = -c**3 - 9*c**2 + 6*c + 18. Let u be t(-13). Suppose 0*r + 2*r = -5*d + 752, -2*r = -4*d + u. What are the prime factors of d?
2, 19
Suppose -985*g + 1004*g = 560272. What are the prime factors of g?
2, 19, 97
Suppose -u = -12 + 1. Suppose -9 = v - u. Suppose v*i - 58 = -2*r, -i - 4*i = -5*r + 195. What are the prime factors of r?
2, 17
Let y = 25115 - 4408. What are the prime factors of y?
20707
Suppose -8063*z - 9667878 = -8174*z. List the prime factors of z.
2, 11, 37, 107
Let n(z) = -587*z + 4583. What are the prime factors of n(-141)?
2, 5, 1747
Let s = 11118 - 3229. List the prime factors of s.
7, 23
Let r = 24 + -19. Suppose -r*x - 2*m + 35 = 3*m, 3*x = 4*m + 7. Suppose -x*a - 5*f = -0 - 20, 22 = 5*a + 3*f. What are the prime factors of a?
5
Let p(c) = -c**2 + 5*c + 9. Let b be p(6). Let r(w) be the third derivative of 5*w**5/12 - 5*w**4/24 + w**3/3 + 56*w**2. What are the prime factors of r(b)?
2, 53
Suppose 1197 = 6*a - 825. Suppose 4*t = a - 45. What are the prime factors of t?
73
Suppose -5*l + 67155 = -60*y + 65*y, -5*l + 13427 = y. List the prime factors of y.
2, 23, 73
List the prime factors of 99684963/1617 - 60/(-66).
7, 8807
Let o(t) = -t**3 + 2*t**2 + t + 40. List the prime factors of o(-10).
2, 3, 5, 41
Suppose 2*s = 54 + 88. Let m = 130 - s. Let r = m + -50. List the prime factors of r.
3
List the prime factors of (-232)/(-29) + (25/5 - -40328).
3, 7, 17, 113
Let c(g) = g**3 + 3*g**2 - 2*g - 1. Let y be c(1). What are the prime factors of y/(((-16)/142)/(-8))?
71
Let q be 15 - 12 - (14 + -1). Let p be ((-135)/q)/((-9)/24). What are the prime factors of ((-22)/(-6))/((-2)/p)?
2, 3, 11
Let v = 348 + 1133. Suppose 12*m - v = -497. List the prime factors of m.
2, 41
Let i(w) = -130*w**2 - 58*w - 260. Let r be i(-38). What are the prime factors of r/(-340)*((-6)/(-4) + 1)?
2, 683
Suppose 51 = 6*t + 27. Let r be -1 + 6*(1 + 0). Suppose -t*a - 30 = -r*a. What are the prime factors of a?
2, 3, 5
Let u be ((-2)/(-3))/((-16)/1416). Let t = u + 306. What are the prime factors of t?
13, 19
Let j = 9691 + 3685. Suppose -j = -0*m - 19*m. What are the prime factors of m?
2, 11
Let k = -3 + -3. Let n be (-84 - (2 - -1))*(k - -5). Let u = 68 + n. List the prime factors of u.
5, 31
Let q(s) = -2*s**3 + 4*s**2 - 7*s - 7. Suppose 4*j - l - 53 = 4*l, 3*j + 3*l - 60 = 0. Suppose 0 = 5*v - j*v - 48. List the prime factors of q(v).
3, 71
Suppose 26*i + 48000 = 29*i + m, 0 = i + 2*m - 15990. List the prime factors of i.
2, 3, 7, 127
Suppose 3*b - 30737 - 88248 = -4*c, -3*c + 89240 = 2*b. What are the prime factors of c?
2, 5, 7, 17
Let b = 234 + -138. Let c be (-456)/b - (-2)/(-8). Let g(j) = -19*j - 12. What are the prime factors of g(c)?
83
Let n = -25919 - -35476. List the prime factors of n.
19, 503
Suppose -2*u + 49 = 5*g, -1 + 51 = 4*g - 2*u. Let x(k) = -11 - 2 + g*k - 3*k + k**2. List the prime factors of x(-10).
7
Let b(x) = 185*x**3 + 10*x**2 + 34*x - 215. List the prime factors of b(6).
173, 233
Let i(a) = -a**2 + 9*a + 4. Let v be i(7). Let x be (22/(-4) + 2)*v. Let p = x + 137. What are the prime factors of p?
2, 37
Suppose -14*b - 9559 = -56123. Let w = b + -2345. What are the prime factors of w?
3, 109
List the prime factors of (9636/(-5))/11*-5.
2, 3, 73
Let j(a) = 12*a**3 + a**2 - 2. Let x be j(1). Suppose x*p = 699 + 555. List the prime factors of p.
2, 3, 19
Suppose -9*d = -5*d - 12. Suppose -d*x - m + 355 = -259, 0 = -3*x + 5*m + 602. What are the prime factors of x?
2, 3, 17
Let u(x) = -27 + 7*x + 7*x + x - 2*x + x**2. Let v be u(15). Suppose -4*k + 7*k = v. List the prime factors of k.
131
Let f = 68 - 14. Suppose -4*l + p + 58 = -4*p, -5*l + f = 3*p. Suppose 325 = l*c - 7*c. What are the prime factors of c?
5, 13
Let c(t) = 4*t**3 - 9*t**2 - 21*t + 82. What are the prime factors of c(13)?
2, 29, 61
List the prime factors of (-6)/39 - (-1664452)/403.
2, 5, 7, 59
Suppose 2*g - 5234 = -2*h + 24292, 2*h = -g + 29523. What are the prime factors of h?
2, 3, 5, 41
Let a(d) = -2*d + 18. Let t be a(8). Suppose -160 + 604 = w + 3*i, 0 = t*w - 4*i - 898. What are the prime factors of w?
3, 149
Let s = -8019 - -17409. What are the prime factors of s?
2, 3, 5, 313
Suppose -2*u = -8*j + 50636, 5*j - 31367 = 4*u + 264. List the prime factors of j.
13, 487
Suppose -14*w - 4*w = 2790. List the prime factors of (-956)/(-10) + (-62)/w.
2, 3
Let r(o) = -282*o + 578. List the prime factors of r(-27).
2
Let y = -57 + 61. Suppose y*t + 2*j - 80 - 682 = 0, 2*t - 5*j = 411. List the prime factors of t.
193
Let m(h) = -81*h - 24. Let t be m(-4). Suppose -3*q - 3*v + t = -6*q, 0 = -q - v - 108. Let d = q + 160. List the prime factors of d.
2, 7
Let u(v) = 26*v**2 + v - 13. Let r be u(-5). Let c = r - 307. What are the prime factors of c?
5, 13
Suppose -68*z + 35*z + 4259400 = 87*z. List the prime factors of z.
5, 31, 229
Let w(l) = -9*l**3 + 11*l**2 - 6. Let z be w(-3). Let o = z - -91. What are the prime factors of o?
7, 61
Let r = -1102 - -1105. Suppose 0 = 5*m + 5*n - 1070, -2*m - 3*m - 3*n = -1066. Suppose x + r*u = -2*x + 630, 0 = x + 3*u - m. What are the prime factors of x?
11, 19
Let p = 7874 + 1532. What are the prime factors of p?
2, 4703
Let c(j) = 345*j**2 + 31*j - 23. List the prime factors of c(-6).
12211
Let r(g) = -1542*g**3 + 2*g**2 + 20 + 1543*g**3 + 0*g**2 - 3*g. Let j be r(0). Suppose 22*a = j*a + 204. List the prime factors of a.
2, 3, 17
Suppose -8*q + 146 = -22. Let p = 33 - q. Suppose -p*v = -13*v + 81. What are the prime factors of v?
3
Suppose -4*f - 16 = 0, 4*b + 4*f + 16 = 5*b. Let h = -2 + b. List the prime factors of (-15)/h*16/12.
2, 5
Suppose -14*v + 38 = 5*v. List the prime factors of 145 - (4 - v - 1).
2, 3
Let q(s) = -s**3 + s**2 + 2*s + 107. Suppose -2*t + 4*l + 22 = 0, -3*l - 12 = -0*l. Suppose -2*p + 5*p = -t*p. What are the prime factors of q(p)?
107
Suppose -t - 2*v - 8 = -5, -3*t - 3*v + 6 = 0. Suppose 6903 = t*i + 36. What are the prime factors of i?
3, 109
Suppose 5*y - 2*y = 9. Suppose -y*h + h + 4*o + 1094 = 0, h = -2*o + 555. What are the prime factors of h?
19, 29
Let i be 2/8 - 44/(-16). Suppose 12*m + 626 = b + 14*m, 0 = -i*b + 3*m + 1887. List the prime factors of b.
2, 157
Let k = 1544 - 1241. List the prime factors of k.
3, 101
Suppose 4*h - 655 = 4*m + m, m - 3*h = -142. Let s = m - -128. List the prime factors of (32/6)/(s + (-57)/63).
2, 7
Suppose 23009 = 4*i - 2*a - 76517, 3*a - 24892 = -i. List the prime factors of i.
149, 167
Suppose 31*o = 28*o - 4955 + 64868. List the prime factors of o.
3, 7, 317
Let f be (8 - (-42)/8)/(1/136). Suppose -u = -1203 - f. Suppose -11*o + 42 = -u. What are the prime factors of o?
277
Let x(h) be the first derivative of 17*h**3 - 4*h - 35. Let v be x(2). Suppose 0 = -3*r - n + 510 - v, -4*r + 415 = 3*n. List the prime factors of r.
103
Let b = 55825 + -39685. List the prime factors of b.
2, 3, 5, 269
Suppose 0 = 3*x + 12, 5*h + 5*x + 63 = 13. Let j(v) = -3*v**2 - 26*v + 3. List the prime factors of j(